 2, what is -1010 + 110000001?
101110111
In base 10, what is 7 - -21?
28
In base 2, what is 1100010 - 100?
1011110
In base 4, what is -3220 - -10?
-3210
In base 7, what is -113 - -2?
-111
In base 3, what is 1021112022 - 10?
1021112012
In base 3, what is 11222 + -11?
11211
In base 7, what is 6 + -24?
-15
In base 2, what is -101100 + 1001101?
100001
In base 14, what is 5 + 21?
26
In base 7, what is 6 - -4?
13
In base 7, what is 4051 + 1?
4052
In base 5, what is -32012 - 2?
-32014
In base 12, what is -1345 - 2?
-1347
In base 12, what is -1 - 5a?
-5b
In base 15, what is -2 - 107d?
-1080
In base 16, what is -3 - 216?
-219
In base 16, what is -e + -34?
-42
In base 9, what is 46310 - -2?
46312
In base 9, what is 5 + 1507?
1513
In base 15, what is 15 + -1b?
-6
In base 9, what is -238 + -1?
-240
In base 12, what is 394 - 0?
394
In base 15, what is -32 - -10?
-22
In base 13, what is -28a - a?
-297
In base 3, what is 10 - -102202?
102212
In base 14, what is -60 + 0?
-60
In base 12, what is 0 + -35?
-35
In base 11, what is -460 - -12?
-449
In base 13, what is 3a7 + 4?
3ab
In base 3, what is -121 - -112?
-2
In base 5, what is -2 + -104?
-111
In base 16, what is -10cc + -3?
-10cf
In base 15, what is -74a + -2?
-74c
In base 8, what is 50 + 74?
144
In base 16, what is ad + 2?
af
In base 5, what is 2 - -10121?
10123
In base 4, what is -2 + 310?
302
In base 8, what is 5 + 144?
151
In base 6, what is -11 - -103?
52
In base 15, what is 6 + -a?
-4
In base 13, what is -541 + 27?
-517
In base 10, what is 13 + 140?
153
In base 14, what is 266 + -5?
261
In base 8, what is 46362 - -2?
46364
In base 8, what is -2 + -147?
-151
In base 14, what is -3 - -64a?
647
In base 3, what is 1001101 + 121?
1001222
In base 9, what is 62 - 0?
62
In base 4, what is 1 + 213?
220
In base 2, what is 1010111 + -100?
1010011
In base 4, what is 2323 + -2?
2321
In base 2, what is -10000011001000 - 11?
-10000011001011
In base 16, what is 4 - 9b?
-97
In base 5, what is 1 + -2240?
-2234
In base 8, what is 5 - 775?
-770
In base 3, what is -1 - 21?
-22
In base 5, what is -10 - -32?
22
In base 11, what is 18 + -15?
3
In base 6, what is 1423 + -1?
1422
In base 7, what is 5 + -260?
-252
In base 8, what is -2154 + 3?
-2151
In base 12, what is -147 + 4?
-143
In base 2, what is 11101 + 100011?
1000000
In base 5, what is -3 + -30?
-33
In base 16, what is e + 11?
1f
In base 14, what is 2 - -5a?
5c
In base 16, what is 3d8 - 5?
3d3
In base 2, what is 101110010110 - 0?
101110010110
In base 12, what is 7 - 45?
-3a
In base 15, what is -6 - -32?
2b
In base 8, what is 62 - 12?
50
In base 11, what is -140 + 3?
-138
In base 16, what is -4dd - 3?
-4e0
In base 3, what is -2112 - 22?
-2211
In base 15, what is -5 - -d8?
d3
In base 4, what is -1123 + 320?
-203
In base 5, what is -31 + 142?
111
In base 2, what is -100000110 - -101?
-100000001
In base 7, what is 32 + -43?
-11
In base 10, what is 8 - 219?
-211
In base 4, what is -23 + -32?
-121
In base 4, what is -13031 - -13?
-13012
In base 12, what is -3 - -33?
30
In base 8, what is 16 - -60?
76
In base 16, what is -4 - 13d?
-141
In base 9, what is -4777 + 2?
-4775
In base 13, what is 3 - -bb?
c1
In base 2, what is 11000001 + 1010?
11001011
In base 3, what is -1 + -100201?
-100202
In base 16, what is -1c - 56?
-72
In base 6, what is 0 - -3?
3
In base 3, what is -10001 + -12?
-10020
In base 6, what is -1 + 505?
504
In base 8, what is 332 + 11?
343
In base 4, what is 11 - -32?
103
In base 7, what is -4 + -5650?
-5654
In base 4, what is -3111302 - 0?
-3111302
In base 12, what is -487 + 5?
-482
In base 7, what is -5 + 1004?
666
In base 5, what is 413 + 332?
1300
In base 15, what is 3 - 2?
1
In base 2, what is -11 - -1010001111?
1010001100
In base 3, what is 11 + -101222221?
-101222210
In base 8, what is 25 - -205?
232
In base 12, what is 2 + -60?
-5a
In base 6, what is 1 - -1042?
1043
In base 4, what is -10 + 32101?
32031
In base 4, what is 12000 - -3?
12003
In base 9, what is 8323 + 4?
8327
In base 14, what is 24 + 9?
2d
In base 2, what is -100 - -1011100101?
1011100001
In base 13, what is 401 - -3?
404
In base 2, what is -11 + 110001001110?
110001001011
In base 12, what is -87 - -19?
-6a
In base 12, what is -2b - -56?
27
In base 11, what is 1 + 102?
103
In base 10, what is -2 - -4452?
4450
In base 11, what is 505 - 1?
504
In base 16, what is -1d - 10?
-2d
In base 15, what is 7 - 1?
6
In base 12, what is 51 - -2?
53
In base 14, what is -622 - 1?
-623
In base 16, what is -b + 2?
-9
In base 6, what is -13 - 105?
-122
In base 10, what is -74 + 48?
-26
In base 14, what is -171c + 0?
-171c
In base 9, what is 5888 - 1?
5887
In base 9, what is 486 - 8?
477
In base 3, what is -20221 + -122?
-21120
In base 16, what is -2 + -158?
-15a
In base 12, what is 6 + 256?
260
In base 3, what is 12 + -11002?
-10220
In base 9, what is -51025 - 4?
-51030
In base 11, what is 4 - 18?
-14
In base 4, what is 2 - -1203?
1211
In base 11, what is -3 + -7a?
-82
In base 9, what is 5 - 82?
-76
In base 8, what is 1 - 21?
-20
In base 14, what is -1780 + 0?
-1780
In base 16, what is -5 + 6?
1
In base 7, what is 5 - -136?
144
In base 10, what is 4 + 3825?
3829
In base 12, what is b - 3?
8
In base 13, what is 11 - -175?
186
In base 6, what is -1040 + -14?
-1054
In base 5, what is -4 - 241?
-300
In base 9, what is 18 - 354?
-335
In base 14, what is -a - 9?
-15
In base 11, what is -260 + 5?
-256
In base 4, what is -10 + -12012?
-12022
In base 10, what is 0 + -12?
-12
In base 15, what is 4 + -3b8?
-3b4
In base 2, what is -11110 + 100101000?
100001010
In base 3, what is -211 - -221?
10
In base 13, what is -3 - 3?
-6
In base 2, what is -1101 - 1100101?
-1110010
In base 13, what is -3 - 88a?
-890
In base 6, what is 40331 - 5?
40322
In base 12, what is 4 + 417?
41b
In base 12, what is 5aa + -3?
5a7
In base 2, what is -11110 + -1100010011?
-1100110001
In base 11, what is -1 + -918?
-919
In base 4, what is 212 - 1323?
-1111
In base 6, what is -20121 - 2?
-20123
In base 8, what is 7430 + 7?
7437
In base 6, what is -3250 - 0?
-3250
In base 14, what is 36 + -22?
14
In base 8, what is 162 - 4?
156
In base 10, what is 12 + -107?
-95
In base 9, what is 1818 - 0?
1818
In base 11, what is -1 + 190?
18a
In base 2, what is 101 + -110?
-1
In base 2, what is 10100010 + -100?
10011110
In base 16, what is -8b16 + 2?
-8b14
In base 9, what is 32572 + -5?
32566
In base 12, what is 137 + -4?
133
In base 13, what is -888 + -4?
-88c
In base 6, what is -422 + -213?
-1035
In base 11, what is -1084 + -7?
-1090
In base 14, what is 4 - 179c?
-1798
In base 15, what is 47 + 5?
4c
In base 14, what is -2c9 - 2?
-2cb
In base 6, what is 404 + 3?
411
In base 4, what is -2 + 1020?
1012
In base 12, what is -2012 - -4?
-200a
In base 6, what is -121 - -215?
54
In base 11, what is -9881 + 5?
-9877
In base 15, what is 1c - 12?
a
In base 14, what is 8 + -12?
-8
In base 9, what is 5 - -472?
477
In base 3, what is 122 - -12012?
12211
In base 8, what is 15 - -2?
17
In base 4, what is 12 + 3031?
3103
In base 6, what is -1531 - -1?
-1530
In base 14, what is 2 - 65?
-63
In base 5, what is 1311 + -322?
434
In base 7, what is -115 - 0?
-115
In base 6, what is -44 + -40?
-124
In base 7, what is -615 + -4?
-622
In base 7, what is 1 + -5?
-4
In base 4, what is -101 + 121?
20
In base 5, what is 10041 - -114?
10210
In base 10, what is 10162 - -1?
10163
In base 15, what is -1 - -2?
1
In base 15, what is -63 - 6?
-69
In base 6, what is -2 + -2504?
-2510
In base 3, what is -2110 + 2122?
12
In base 3, what is 1222120 - 2?
1222111
In base 3, what is -211212 - -12?
-211200
In base 7, what is -53 - 1006?
-1062
In base 5, what is -143 + -1244?
-1442
In base 5, what is 13 - -11?
24
In base 16, what is 3 - -24?
27
In base 10, what is -4 - 135?
-139
In base 6, what is 110 - 12?
54
In base 4, what is -23 - -21?
-2
In base 5, what is 41 - -221?
312
In base 13, what is -1 + 218c?
218b
In base 14, what is -48 - 214?
-25c
In base 8, what is -4 - 5424?
-5430
In base 7, what is 0 - -226?
226
In base 11, what is 13 + 1a?
32
In base 2, what is 10100 + -10?
10010
In base 10, what is 420 - -51?
471
In base 14, what is -9 - -2?
-7
In base 12, what is 3 + -45?
-42
In base 3, what is -1102 + -21000?
-22102
In base 12, what is -3b + -3?
-42
In base 3, what is 0 + -11010?
-11010
In base 7, 